{"id":992718,"date":"2025-02-24T09:30:27","date_gmt":"2025-02-24T12:30:27","guid":{"rendered":"https:\/\/unibrasmontesbelos.com.br\/?page_id=992718"},"modified":"2025-02-24T09:30:33","modified_gmt":"2025-02-24T12:30:33","slug":"naap","status":"publish","type":"page","link":"https:\/\/faculdadeunibras.com.br\/santaines\/naap\/","title":{"rendered":"NAAP"},"content":{"rendered":"<p>[et_pb_section fb_built=&#8221;1&#8243; fullwidth=&#8221;on&#8221; admin_label=&#8221;Hero Section&#8221; _builder_version=&#8221;4.27.2&#8243; background_image=&#8221;https:\/\/unibrasmontesbelos.com.br\/wp-content\/uploads\/2024\/10\/imagem7-1.webp&#8221; background_position=&#8221;bottom_center&#8221; custom_padding=&#8221;|||&#8221; da_disable_devices=&#8221;off|off|off&#8221; global_colors_info=&#8221;{}&#8221; da_is_popup=&#8221;off&#8221; da_exit_intent=&#8221;off&#8221; da_has_close=&#8221;on&#8221; da_alt_close=&#8221;off&#8221; da_dark_close=&#8221;off&#8221; da_not_modal=&#8221;on&#8221; da_is_singular=&#8221;off&#8221; da_with_loader=&#8221;off&#8221; da_has_shadow=&#8221;on&#8221;][et_pb_fullwidth_header title=&#8221;NAAP&#8221; subhead=&#8221;N\u00facleo de Acessibilidade e Apoio Psicopedag\u00f3gico &#8221; text_orientation=&#8221;center&#8221; button_one_url=&#8221;#toggle2&#8243; logo_image_url=&#8221;https:\/\/unibrasmontesbelos.com.br\/wp-content\/uploads\/2024\/10\/naap-removebg-preview.png&#8221; content_max_width=&#8221;64%&#8221; title_tablet=&#8221;NAAP&#8221; title_phone=&#8221;NAAP&#8221; title_last_edited=&#8221;off|desktop&#8221; button_one_text_tablet=&#8221;&#8221; button_one_text_phone=&#8221;&#8221; button_one_text_last_edited=&#8221;on|phone&#8221; content_max_width_tablet=&#8221;&#8221; content_max_width_phone=&#8221;85%&#8221; content_max_width_last_edited=&#8221;on|phone&#8221; module_class=&#8221;open-toggle&#8221; _builder_version=&#8221;4.27.2&#8243; title_font=&#8221;Montserrat|800|||||||&#8221; title_line_height=&#8221;1.7em&#8221; content_font=&#8221;Montserrat||||||||&#8221; content_font_size=&#8221;15px&#8221; subhead_font=&#8221;Montserrat|800|||||||&#8221; subhead_text_color=&#8221;#eac12c&#8221; subhead_font_size=&#8221;24px&#8221; subhead_line_height=&#8221;1.4em&#8221; background_color=&#8221;rgba(126,190,197,0)&#8221; use_background_color_gradient=&#8221;on&#8221; background_color_gradient_direction=&#8221;90deg&#8221; background_color_gradient_stops=&#8221;#013565 25%|rgba(117,1,20,0.49) 75%&#8221; background_color_gradient_overlays_image=&#8221;on&#8221; background_color_gradient_start=&#8221;#013565&#8243; background_color_gradient_start_position=&#8221;25%&#8221; background_color_gradient_end=&#8221;rgba(1,53,101,0.75)&#8221; background_color_gradient_end_position=&#8221;75%&#8221; custom_button_one=&#8221;on&#8221; button_one_text_size=&#8221;12px&#8221; button_one_text_color=&#8221;#f3a72d&#8221; button_one_bg_color=&#8221;#FFFFFF&#8221; button_one_border_width=&#8221;12px&#8221; button_one_border_color=&#8221;#FFFFFF&#8221; button_one_letter_spacing=&#8221;2px&#8221; button_one_font=&#8221;Poppins|600||on|||||&#8221; button_one_icon=&#8221;&#x24;||divi||400&#8243; custom_button_two=&#8221;on&#8221; button_two_text_size=&#8221;14px&#8221; button_two_text_color=&#8221;#29cb8b&#8221; button_two_bg_color=&#8221;#ffffff&#8221; button_two_border_width=&#8221;12px&#8221; button_two_border_color=&#8221;#ffffff&#8221; button_two_letter_spacing=&#8221;2px&#8221; button_two_font=&#8221;Poppins|600||on|||||&#8221; button_two_icon=&#8221;&#x24;||divi||400&#8243; custom_padding=&#8221;71px||4vw||false|false&#8221; custom_padding_tablet=&#8221;&#8221; custom_padding_phone=&#8221;40px||13vw||false|false&#8221; custom_padding_last_edited=&#8221;on|phone&#8221; title_font_size_tablet=&#8221;15px&#8221; title_font_size_phone=&#8221;24px&#8221; title_font_size_last_edited=&#8221;on|phone&#8221; content_font_tablet=&#8221;&#8221; content_font_phone=&#8221;&#8221; content_font_last_edited=&#8221;on|desktop&#8221; content_text_color_tablet=&#8221;&#8221; content_text_color_phone=&#8221;&#8221; content_text_color_last_edited=&#8221;on|phone&#8221; content_font_size_tablet=&#8221;&#8221; content_font_size_phone=&#8221;8px&#8221; content_font_size_last_edited=&#8221;on|phone&#8221; subhead_font_size_tablet=&#8221;15px&#8221; subhead_font_size_phone=&#8221;16px&#8221; subhead_font_size_last_edited=&#8221;on|desktop&#8221; custom_css_logo=&#8221;width:70%!important;||padding-bottom:60px&#8221; button_one_letter_spacing_hover=&#8221;2px&#8221; button_two_letter_spacing_hover=&#8221;2px&#8221; global_colors_info=&#8221;{}&#8221; button_one_text_size__hover_enabled=&#8221;off&#8221; button_two_text_size__hover_enabled=&#8221;off&#8221; button_one_text_color__hover_enabled=&#8221;off&#8221; button_two_text_color__hover_enabled=&#8221;off&#8221; button_one_border_width__hover_enabled=&#8221;off&#8221; button_two_border_width__hover_enabled=&#8221;off&#8221; button_one_border_color__hover_enabled=&#8221;off&#8221; button_two_border_color__hover_enabled=&#8221;off&#8221; button_one_border_radius__hover_enabled=&#8221;off&#8221; button_two_border_radius__hover_enabled=&#8221;off&#8221; button_one_letter_spacing__hover_enabled=&#8221;on&#8221; button_one_letter_spacing__hover=&#8221;2px&#8221; button_two_letter_spacing__hover_enabled=&#8221;on&#8221; button_two_letter_spacing__hover=&#8221;2px&#8221; button_one_bg_color__hover_enabled=&#8221;off&#8221; button_two_bg_color__hover_enabled=&#8221;off&#8221; custom_css_logo_last_edited=&#8221;on|desktop&#8221; custom_css_logo_phone=&#8221;width:100%!important;||padding-bottom:20px&#8221; custom_css_logo_tablet=&#8221;width:100%!important;||padding-bottom:60px&#8221;][\/et_pb_fullwidth_header][\/et_pb_section][et_pb_section fb_built=&#8221;1&#8243; custom_padding_last_edited=&#8221;on|phone&#8221; disabled_on=&#8221;off|off|off&#8221; admin_label=&#8221;Open Position Section&#8221; _builder_version=&#8221;4.27.2&#8243; background_color=&#8221;rgba(255,255,255,0.81)&#8221; background_image=&#8221;https:\/\/unibrasmontesbelos.com.br\/wp-content\/uploads\/2022\/08\/textura-de-fundo-branco_23-2148573901.webp&#8221; background_blend=&#8221;lighten&#8221; custom_padding=&#8221;60px||60px||true|false&#8221; custom_padding_tablet=&#8221;&#8221; custom_padding_phone=&#8221;32px||47px||false|false&#8221; da_disable_devices=&#8221;off|off|off&#8221; global_colors_info=&#8221;{}&#8221; da_is_popup=&#8221;off&#8221; da_exit_intent=&#8221;off&#8221; da_has_close=&#8221;on&#8221; da_alt_close=&#8221;off&#8221; da_dark_close=&#8221;off&#8221; da_not_modal=&#8221;on&#8221; da_is_singular=&#8221;off&#8221; da_with_loader=&#8221;off&#8221; da_has_shadow=&#8221;on&#8221;][et_pb_row _builder_version=&#8221;4.18.0&#8243; custom_padding=&#8221;11px||5px|||&#8221; locked=&#8221;off&#8221; global_colors_info=&#8221;{}&#8221;][et_pb_column type=&#8221;4_4&#8243; _builder_version=&#8221;4.16&#8243; custom_padding=&#8221;|||&#8221; global_colors_info=&#8221;{}&#8221; custom_padding__hover=&#8221;|||&#8221;][et_pb_text _builder_version=&#8221;4.27.2&#8243; text_font=&#8221;Montserrat|600|||||||&#8221; text_text_color=&#8221;#184370&#8243; text_font_size=&#8221;19px&#8221; text_line_height=&#8221;0.9em&#8221; header_font=&#8221;||||||||&#8221; header_2_font=&#8221;Raleway|700|||||||&#8221; header_2_font_size=&#8221;56px&#8221; header_2_line_height=&#8221;1.4em&#8221; text_orientation=&#8221;justified&#8221; custom_margin=&#8221;||20px|&#8221; header_2_font_size_tablet=&#8221;36px&#8221; header_2_font_size_phone=&#8221;&#8221; header_2_font_size_last_edited=&#8221;on|phone&#8221; text_orientation_tablet=&#8221;&#8221; text_orientation_phone=&#8221;center&#8221; text_orientation_last_edited=&#8221;on|phone&#8221; global_colors_info=&#8221;{}&#8221;]<\/p>\n<p>Bem-vindo ao N\u00facleo de Acessibilidade e Apoio Psicopedag\u00f3gico da UNIBRAS!<\/p>\n<p>[\/et_pb_text][\/et_pb_column][\/et_pb_row][et_pb_row _builder_version=&#8221;4.18.0&#8243; custom_padding=&#8221;11px||5px|||&#8221; locked=&#8221;off&#8221; global_colors_info=&#8221;{}&#8221;][et_pb_column type=&#8221;4_4&#8243; _builder_version=&#8221;4.16&#8243; custom_padding=&#8221;|||&#8221; global_colors_info=&#8221;{}&#8221; custom_padding__hover=&#8221;|||&#8221;][et_pb_text _builder_version=&#8221;4.27.2&#8243; text_font=&#8221;Montserrat|500|||||||&#8221; text_text_color=&#8221;#184370&#8243; text_line_height=&#8221;1em&#8221; header_font=&#8221;||||||||&#8221; header_2_font=&#8221;Raleway|700|||||||&#8221; header_2_font_size=&#8221;56px&#8221; header_2_line_height=&#8221;1.4em&#8221; text_orientation=&#8221;justified&#8221; custom_margin=&#8221;||20px|&#8221; header_2_font_size_tablet=&#8221;36px&#8221; header_2_font_size_phone=&#8221;&#8221; header_2_font_size_last_edited=&#8221;on|phone&#8221; text_orientation_tablet=&#8221;&#8221; text_orientation_phone=&#8221;justified&#8221; text_orientation_last_edited=&#8221;on|phone&#8221; global_colors_info=&#8221;{}&#8221;]<\/p>\n<p>Nosso n\u00facleo foi criado para garantir a inclus\u00e3o e o suporte educacional de todos os estudantes, promovendo um ambiente de aprendizado acess\u00edvel, equitativo e acolhedor para pessoas com defici\u00eancia, dificuldades de aprendizagem ou que necessitam de acompanhamento psicopedag\u00f3gico.<\/p>\n<p>&nbsp;<\/p>\n<p><strong>Nossa Miss\u00e3o<\/strong><\/p>\n<p>Promover a inclus\u00e3o educacional por meio da adapta\u00e7\u00e3o de materiais, apoio psicopedag\u00f3gico e acessibilidade f\u00edsica e digital, visando proporcionar uma experi\u00eancia educacional de qualidade para todos os estudantes.<\/p>\n<p>&nbsp;<\/p>\n<p><strong>O que oferecemos?<\/strong><\/p>\n<p>&nbsp;<\/p>\n<ol>\n<li>Atendimento Psicopedag\u00f3gico Individual e em Grupo<\/li>\n<\/ol>\n<p>Oferecemos apoio psicopedag\u00f3gico para ajudar os alunos a superar desafios relacionados ao processo de aprendizagem, como dificuldades acad\u00eamicas e emocionais que interferem no desempenho escolar.<\/p>\n<p>&nbsp;<\/p>\n<ol start=\"2\">\n<li>Adapta\u00e7\u00e3o de Materiais Did\u00e1ticos<\/li>\n<\/ol>\n<p>Adaptamos materiais did\u00e1ticos e avalia\u00e7\u00f5es, tornando-os acess\u00edveis para alunos com defici\u00eancia visual, auditiva, motora e outras condi\u00e7\u00f5es que impactam o aprendizado.<\/p>\n<p>&nbsp;<\/p>\n<ol start=\"3\">\n<li>Suporte para Alunos com Defici\u00eancia<\/li>\n<\/ol>\n<p>Prestamos assist\u00eancia a alunos com defici\u00eancia, garantindo que tenham acesso aos recursos necess\u00e1rios para uma participa\u00e7\u00e3o plena nas atividades acad\u00eamicas, desde adapta\u00e7\u00f5es f\u00edsicas at\u00e9 tecnol\u00f3gicas.<\/p>\n<p>&nbsp;<\/p>\n<ol start=\"4\">\n<li>Orienta\u00e7\u00e3o para Docentes<\/li>\n<\/ol>\n<p>Auxiliamos os professores com orienta\u00e7\u00f5es e forma\u00e7\u00f5es sobre pr\u00e1ticas inclusivas, favorecendo o desenvolvimento de estrat\u00e9gias pedag\u00f3gicas que respeitam a diversidade de estilos e ritmos de aprendizagem.<\/p>\n<p>&nbsp;<\/p>\n<ol start=\"5\">\n<li>Acessibilidade Digital<\/li>\n<\/ol>\n<p>Garantimos que as plataformas de ensino e materiais digitais estejam em conformidade com as normas de acessibilidade, promovendo a inclus\u00e3o de todos os alunos, independentemente de suas necessidades espec\u00edficas.<\/p>\n<p>&nbsp;<\/p>\n<p>&nbsp;<\/p>\n<p><strong>P\u00fablico-Alvo<\/strong><\/p>\n<p>&#8211; Estudantes com defici\u00eancia f\u00edsica, visual, auditiva, intelectual ou m\u00faltipla<\/p>\n<p>&#8211; Estudantes com transtornos do neurodesenvolvimento<\/p>\n<p>&#8211; Estudantes com dificuldades espec\u00edficas de aprendizagem (como dislexia, TDAH, etc.)<\/p>\n<p>&#8211; Professores e demais profissionais que atuam no processo de inclus\u00e3o educacional<\/p>\n<p>&nbsp;<\/p>\n<p>&nbsp;<\/p>\n<p><strong>Como Acessa<\/strong><strong>r o NAAP?<\/strong><\/p>\n<p>Se voc\u00ea precisa de suporte ou deseja obter mais informa\u00e7\u00f5es sobre nossos servi\u00e7os, entre em contato conosco pelos seguintes canais:<\/p>\n<p>-Ana Caroline Pinheiro Costa Silva<\/p>\n<p>-Email: naap.santaines@braseducacional.com.br<\/p>\n<p>-Hor\u00e1rios: Ter\u00e7as e quartas-feiras, turno vespertino.<\/p>\n<p>&nbsp;<\/p>\n<p>&nbsp;<\/p>\n<p><strong>Compromisso com a Inclus\u00e3o<\/strong><\/p>\n<p>&nbsp;<\/p>\n<p>No NAAP, acreditamos que todos t\u00eam direito a uma educa\u00e7\u00e3o acess\u00edvel e de qualidade. Estamos aqui para apoiar estudantes e professores em suas jornadas educacionais, proporcionando ferramentas e recursos para garantir o sucesso acad\u00eamico de todos.<\/p>\n<p>&nbsp;<\/p>\n<p>[\/et_pb_text][\/et_pb_column][\/et_pb_row][\/et_pb_section][et_pb_section fb_built=&#8221;1&#8243; custom_padding_last_edited=&#8221;on|desktop&#8221; _builder_version=&#8221;4.16&#8243; _module_preset=&#8221;default&#8221; background_color=&#8221;#1e1e1e&#8221; custom_padding=&#8221;24px||24px||true|false&#8221; custom_padding_tablet=&#8221;&#8221; custom_padding_phone=&#8221;||10px||false|false&#8221; da_disable_devices=&#8221;off|off|off&#8221; saved_tabs=&#8221;all&#8221; global_colors_info=&#8221;{}&#8221; global_module=&#8221;239140&#8243; theme_builder_area=&#8221;post_content&#8221; da_is_popup=&#8221;off&#8221; da_exit_intent=&#8221;off&#8221; da_has_close=&#8221;on&#8221; da_alt_close=&#8221;off&#8221; da_dark_close=&#8221;off&#8221; da_not_modal=&#8221;on&#8221; da_is_singular=&#8221;off&#8221; da_with_loader=&#8221;off&#8221; da_has_shadow=&#8221;on&#8221;][et_pb_row column_structure=&#8221;1_3,1_3,1_3&#8243; _builder_version=&#8221;4.16&#8243; _module_preset=&#8221;default&#8221; width=&#8221;100%&#8221; max_width=&#8221;1300px&#8221; custom_padding=&#8221;3px||5px|||&#8221; global_colors_info=&#8221;{}&#8221; theme_builder_area=&#8221;post_content&#8221;][et_pb_column type=&#8221;1_3&#8243; _builder_version=&#8221;4.16&#8243; _module_preset=&#8221;default&#8221; global_colors_info=&#8221;{}&#8221; theme_builder_area=&#8221;post_content&#8221;][et_pb_text _builder_version=&#8221;4.16&#8243; _module_preset=&#8221;default&#8221; text_font=&#8221;|700|||||||&#8221; text_text_color=&#8221;#FFFFFF&#8221; text_font_size=&#8221;15px&#8221; text_orientation=&#8221;center&#8221; width=&#8221;100%&#8221; custom_margin=&#8221;10px||||false|false&#8221; custom_margin_tablet=&#8221;&#8221; custom_margin_phone=&#8221;10px||||false|false&#8221; custom_margin_last_edited=&#8221;on|phone&#8221; custom_padding_tablet=&#8221;&#8221; custom_padding_phone=&#8221;&#8221; custom_padding_last_edited=&#8221;on|phone&#8221; global_colors_info=&#8221;{}&#8221; theme_builder_area=&#8221;post_content&#8221;]<\/p>\n<p>Mais que educa\u00e7\u00e3o, transforma\u00e7\u00e3o social.<\/p>\n<p>[\/et_pb_text][\/et_pb_column][et_pb_column type=&#8221;1_3&#8243; _builder_version=&#8221;4.16&#8243; _module_preset=&#8221;default&#8221; global_colors_info=&#8221;{}&#8221; theme_builder_area=&#8221;post_content&#8221;][et_pb_image src=&#8221;https:\/\/faculdadeunibras.com.br\/santaines\/wp-content\/uploads\/2020\/11\/Unibras-Faculdade-Santa-Ines-branca.png&#8221; title_text=&#8221;Unibras-Faculdade-Santa-Ines-branca&#8221; align=&#8221;center&#8221; _builder_version=&#8221;4.16&#8243; _module_preset=&#8221;default&#8221; width=&#8221;49%&#8221; width_tablet=&#8221;&#8221; width_phone=&#8221;42%&#8221; width_last_edited=&#8221;on|phone&#8221; module_alignment=&#8221;center&#8221; custom_margin_tablet=&#8221;&#8221; custom_margin_phone=&#8221;-10px||20px||false|false&#8221; custom_margin_last_edited=&#8221;on|phone&#8221; global_colors_info=&#8221;{}&#8221; theme_builder_area=&#8221;post_content&#8221;][\/et_pb_image][\/et_pb_column][et_pb_column type=&#8221;1_3&#8243; _builder_version=&#8221;4.16&#8243; _module_preset=&#8221;default&#8221; global_colors_info=&#8221;{}&#8221; theme_builder_area=&#8221;post_content&#8221;][\/et_pb_column][\/et_pb_row][\/et_pb_section]<\/p>\n","protected":false},"excerpt":{"rendered":"<p>Bem-vindo ao N\u00facleo de Acessibilidade e Apoio Psicopedag\u00f3gico da UNIBRAS!Nosso n\u00facleo foi criado para garantir a inclus\u00e3o e o suporte educacional de todos os estudantes, promovendo um ambiente de aprendizado acess\u00edvel, equitativo e acolhedor para pessoas com defici\u00eancia, dificuldades de aprendizagem ou que necessitam de acompanhamento psicopedag\u00f3gico. &nbsp; Nossa Miss\u00e3o Promover a inclus\u00e3o educacional por [&hellip;]<\/p>\n","protected":false},"author":1,"featured_media":0,"parent":0,"menu_order":0,"comment_status":"closed","ping_status":"closed","template":"","meta":{"_et_pb_use_builder":"on","_et_pb_old_content":"","_et_gb_content_width":"","footnotes":""},"class_list":["post-992718","page","type-page","status-publish","hentry"],"yoast_head":"<!-- This site is optimized with the Yoast SEO plugin v23.2 - https:\/\/yoast.com\/wordpress\/plugins\/seo\/ -->\n<title>NAAP - Faculdade UniBRAS<\/title>\n<meta name=\"robots\" content=\"index, follow, max-snippet:-1, max-image-preview:large, max-video-preview:-1\" \/>\n<link rel=\"canonical\" href=\"https:\/\/faculdadeunibras.com.br\/santaines\/naap\/\" \/>\n<meta property=\"og:locale\" content=\"pt_BR\" \/>\n<meta property=\"og:type\" content=\"article\" \/>\n<meta property=\"og:title\" content=\"NAAP - Faculdade UniBRAS\" \/>\n<meta property=\"og:description\" content=\"Bem-vindo ao N\u00facleo de Acessibilidade e Apoio Psicopedag\u00f3gico da UNIBRAS!Nosso n\u00facleo foi criado para garantir a inclus\u00e3o e o suporte educacional de todos os estudantes, promovendo um ambiente de aprendizado acess\u00edvel, equitativo e acolhedor para pessoas com defici\u00eancia, dificuldades de aprendizagem ou que necessitam de acompanhamento psicopedag\u00f3gico. &nbsp; Nossa Miss\u00e3o Promover a inclus\u00e3o educacional por [&hellip;]\" \/>\n<meta property=\"og:url\" content=\"https:\/\/faculdadeunibras.com.br\/santaines\/naap\/\" \/>\n<meta property=\"og:site_name\" content=\"Faculdade UniBRAS\" \/>\n<meta property=\"article:modified_time\" content=\"2025-02-24T12:30:33+00:00\" \/>\n<meta name=\"twitter:card\" content=\"summary_large_image\" \/>\n<meta name=\"twitter:label1\" content=\"Est. tempo de leitura\" \/>\n\t<meta name=\"twitter:data1\" content=\"3 minutos\" \/>\n<script type=\"application\/ld+json\" class=\"yoast-schema-graph\">{\"@context\":\"https:\/\/schema.org\",\"@graph\":[{\"@type\":\"WebPage\",\"@id\":\"https:\/\/faculdadeunibras.com.br\/santaines\/naap\/\",\"url\":\"https:\/\/faculdadeunibras.com.br\/santaines\/naap\/\",\"name\":\"NAAP - Faculdade UniBRAS\",\"isPartOf\":{\"@id\":\"https:\/\/faculdadeunibras.com.br\/santaines\/#website\"},\"datePublished\":\"2025-02-24T12:30:27+00:00\",\"dateModified\":\"2025-02-24T12:30:33+00:00\",\"breadcrumb\":{\"@id\":\"https:\/\/faculdadeunibras.com.br\/santaines\/naap\/#breadcrumb\"},\"inLanguage\":\"pt-BR\",\"potentialAction\":[{\"@type\":\"ReadAction\",\"target\":[\"https:\/\/faculdadeunibras.com.br\/santaines\/naap\/\"]}]},{\"@type\":\"BreadcrumbList\",\"@id\":\"https:\/\/faculdadeunibras.com.br\/santaines\/naap\/#breadcrumb\",\"itemListElement\":[{\"@type\":\"ListItem\",\"position\":1,\"name\":\"In\u00edcio\",\"item\":\"https:\/\/faculdadeunibras.com.br\/santaines\/\"},{\"@type\":\"ListItem\",\"position\":2,\"name\":\"NAAP\"}]},{\"@type\":\"WebSite\",\"@id\":\"https:\/\/faculdadeunibras.com.br\/santaines\/#website\",\"url\":\"https:\/\/faculdadeunibras.com.br\/santaines\/\",\"name\":\"Faculdade UniBRAS\",\"description\":\"Santa In\u00eas\",\"potentialAction\":[{\"@type\":\"SearchAction\",\"target\":{\"@type\":\"EntryPoint\",\"urlTemplate\":\"https:\/\/faculdadeunibras.com.br\/santaines\/?s={search_term_string}\"},\"query-input\":\"required name=search_term_string\"}],\"inLanguage\":\"pt-BR\"}]}<\/script>\n<!-- \/ Yoast SEO plugin. -->","yoast_head_json":{"title":"NAAP - Faculdade UniBRAS","robots":{"index":"index","follow":"follow","max-snippet":"max-snippet:-1","max-image-preview":"max-image-preview:large","max-video-preview":"max-video-preview:-1"},"canonical":"https:\/\/faculdadeunibras.com.br\/santaines\/naap\/","og_locale":"pt_BR","og_type":"article","og_title":"NAAP - Faculdade UniBRAS","og_description":"Bem-vindo ao N\u00facleo de Acessibilidade e Apoio Psicopedag\u00f3gico da UNIBRAS!Nosso n\u00facleo foi criado para garantir a inclus\u00e3o e o suporte educacional de todos os estudantes, promovendo um ambiente de aprendizado acess\u00edvel, equitativo e acolhedor para pessoas com defici\u00eancia, dificuldades de aprendizagem ou que necessitam de acompanhamento psicopedag\u00f3gico. &nbsp; Nossa Miss\u00e3o Promover a inclus\u00e3o educacional por [&hellip;]","og_url":"https:\/\/faculdadeunibras.com.br\/santaines\/naap\/","og_site_name":"Faculdade UniBRAS","article_modified_time":"2025-02-24T12:30:33+00:00","twitter_card":"summary_large_image","twitter_misc":{"Est. tempo de leitura":"3 minutos"},"schema":{"@context":"https:\/\/schema.org","@graph":[{"@type":"WebPage","@id":"https:\/\/faculdadeunibras.com.br\/santaines\/naap\/","url":"https:\/\/faculdadeunibras.com.br\/santaines\/naap\/","name":"NAAP - Faculdade UniBRAS","isPartOf":{"@id":"https:\/\/faculdadeunibras.com.br\/santaines\/#website"},"datePublished":"2025-02-24T12:30:27+00:00","dateModified":"2025-02-24T12:30:33+00:00","breadcrumb":{"@id":"https:\/\/faculdadeunibras.com.br\/santaines\/naap\/#breadcrumb"},"inLanguage":"pt-BR","potentialAction":[{"@type":"ReadAction","target":["https:\/\/faculdadeunibras.com.br\/santaines\/naap\/"]}]},{"@type":"BreadcrumbList","@id":"https:\/\/faculdadeunibras.com.br\/santaines\/naap\/#breadcrumb","itemListElement":[{"@type":"ListItem","position":1,"name":"In\u00edcio","item":"https:\/\/faculdadeunibras.com.br\/santaines\/"},{"@type":"ListItem","position":2,"name":"NAAP"}]},{"@type":"WebSite","@id":"https:\/\/faculdadeunibras.com.br\/santaines\/#website","url":"https:\/\/faculdadeunibras.com.br\/santaines\/","name":"Faculdade UniBRAS","description":"Santa In\u00eas","potentialAction":[{"@type":"SearchAction","target":{"@type":"EntryPoint","urlTemplate":"https:\/\/faculdadeunibras.com.br\/santaines\/?s={search_term_string}"},"query-input":"required name=search_term_string"}],"inLanguage":"pt-BR"}]}},"_links":{"self":[{"href":"https:\/\/faculdadeunibras.com.br\/santaines\/wp-json\/wp\/v2\/pages\/992718","targetHints":{"allow":["GET"]}}],"collection":[{"href":"https:\/\/faculdadeunibras.com.br\/santaines\/wp-json\/wp\/v2\/pages"}],"about":[{"href":"https:\/\/faculdadeunibras.com.br\/santaines\/wp-json\/wp\/v2\/types\/page"}],"author":[{"embeddable":true,"href":"https:\/\/faculdadeunibras.com.br\/santaines\/wp-json\/wp\/v2\/users\/1"}],"replies":[{"embeddable":true,"href":"https:\/\/faculdadeunibras.com.br\/santaines\/wp-json\/wp\/v2\/comments?post=992718"}],"version-history":[{"count":1,"href":"https:\/\/faculdadeunibras.com.br\/santaines\/wp-json\/wp\/v2\/pages\/992718\/revisions"}],"predecessor-version":[{"id":992720,"href":"https:\/\/faculdadeunibras.com.br\/santaines\/wp-json\/wp\/v2\/pages\/992718\/revisions\/992720"}],"wp:attachment":[{"href":"https:\/\/faculdadeunibras.com.br\/santaines\/wp-json\/wp\/v2\/media?parent=992718"}],"curies":[{"name":"wp","href":"https:\/\/api.w.org\/{rel}","templated":true}]}}